8 (base 11) to base 4
11131
Convert 220 (base 9) to base 8.
264
What is 52 (base 6) in base 3?
1012
Convert 3 (base 5) to base 13.
3
What is 10 (base 10) in base 2?
1010
Convert 4 (base 13) to base 10.
4
-6 (base 12) to base 7
-6
Convert 41 (base 13) to base 2.
110101
4 (base 10) to base 2
100
Convert 12 (base 13) to base 8.
17
What is -3 (base 11) in base 4?
-3
-24 (base 11) to base 6
-42
-102 (base 3) to base 13
-b
Convert -3 (base 5) to base 11.
-3
Convert 3 (base 7) to base 15.
3
What is 1 (base 11) in base 10?
1
Convert 122 (base 3) to base 2.
10001
-2 (base 4) to base 7
-2
2 (base 6) to base 8
2
What is -22 (base 4) in base 15?
-a
9 (base 12) to base 5
14
Convert 5 (base 14) to base 3.
12
What is -46 (base 10) in base 11?
-42
0 (base 7) to base 14
0
What is -16 (base 16) in base 8?
-26
34 (base 12) to base 5
130
-6 (base 12) to base 2
-110
Convert 35 (base 11) to base 6.
102
Convert -101011 (base 2) to base 9.
-47
Convert 2 (base 4) to base 7.
2
Convert 6 (base 7) to base 8.
6
-1b (base 16) to base 6
-43
What is 10000010 (base 2) in base 13?
a0
120 (base 3) to base 16
f
What is -24 (base 16) in base 9?
-40
-3 (base 10) to base 12
-3
What is 8 (base 13) in base 3?
22
0 (base 3) to base 6
0
-4 (base 7) to base 4
-10
Convert 111 (base 2) to base 8.
7
What is 524 (base 7) in base 9?
322
Convert -1101 (base 2) to base 6.
-21
Convert -42 (base 5) to base 9.
-24
Convert 24 (base 6) to base 14.
12
21 (base 6) to base 2
1101
What is -28 (base 9) in base 14?
-1c
What is -100 (base 3) in base 14?
-9
What is 26 (base 16) in base 7?
53
-2 (base 9) to base 3
-2
-6 (base 11) to base 12
-6
-45 (base 8) to base 10
-37
Convert -37 (base 13) to base 6.
-114
-354 (base 8) to base 12
-178
Convert 4 (base 16) to base 9.
4
What is -111010 (base 2) in base 14?
-42
Convert -9 (base 15) to base 6.
-13
2 (base 7) to base 13
2
What is 31 (base 6) in base 4?
103
12 (base 6) to base 7
11
Convert 3 (base 14) to base 9.
3
What is 10 (base 5) in base 3?
12
-1 (base 4) to base 5
-1
What is -145 (base 6) in base 8?
-101
-44 (base 14) to base 5
-220
3 (base 14) to base 3
10
What is 11 (base 5) in base 11?
6
-3 (base 6) to base 11
-3
What is 0 (base 2) in base 15?
0
Convert -11 (base 2) to base 11.
-3
What is -30 (base 9) in base 6?
-43
What is -47 (base 9) in base 8?
-53
What is 1 (base 2) in base 16?
1
What is 16 (base 16) in base 14?
18
What is -11 (base 3) in base 6?
-4
10 (base 11) to base 7
14
Convert 3 (base 10) to base 15.
3
Convert -43 (base 8) to base 10.
-35
What is 22 (base 14) in base 6?
50
-1100 (base 2) to base 14
-c
What is 11 (base 13) in base 11?
13
What is 31 (base 5) in base 14?
12
What is -1 (base 10) in base 12?
-1
What is -15 (base 8) in base 15?
-d
What is -4 (base 7) in base 16?
-4
Convert 5 (base 11) to base 8.
5
What is -51 (base 7) in base 13?
-2a
4 (base 8) to base 7
4
What is 45 (base 15) in base 14?
49
What is -20 (base 3) in base 9?
-6
-303 (base 4) to base 10
-51
What is -101 (base 3) in base 13?
-a
-1110100 (base 2) to base 3
-11022
What is -110 (base 3) in base 2?
-1100
What is -100101 (base 2) in base 6?
-101
What is -14 (base 11) in base 10?
-15
What is -113 (base 4) in base 3?
-212
What is 3 (base 10) in base 7?
3
Convert 16 (base 11) to base 10.
17
What is -6 (base 16) in base 3?
-20
-113 (base 4) to base 15
-18
Convert 1 (base 7) to base 2.
1
What is -7 (base 10) in base 3?
-21
What is -1 (base 5) in base 10?
-1
10 (base 13) to base 11
12
What is 85 (base 11) in base 7?
162
What is -1102 (base 4) in base 14?
-5c
Convert -18c (base 16) to base 15.
-1b6
-211 (base 4) to base 8
-45
15 (base 15) to base 4
110
What is 14 (base 15) in base 11?
18
2 (base 9) to base 5
2
3 (base 16) to base 15
3
1201 (base 3) to base 2
101110
25 (base 11) to base 16
1b
What is 1001 (base 3) in base 2?
11100
-442 (base 5) to base 15
-82
What is -1 (base 10) in base 6?
-1
Convert -3 (base 8) to base 9.
-3
Convert 1 (base 9) to base 7.
1
What is -50 (base 6) in base 3?
-1010
What is -30 (base 4) in base 10?
-12
What is a6 (base 14) in base 8?
222
Convert 1000 (base 2) to base 9.
8
What is 10 (base 9) in base 14?
9
3e (base 16) to base 8
76
1 (base 15) to base 2
1
Convert -6 (base 11) to base 10.
-6
Convert 4 (base 6) to base 9.
4
What is -3 (base 5) in base 15?
-3
-303 (base 5) to base 15
-53
What is -5 (base 16) in base 9?
-5
70 (base 11) to base 5
302
What is 31 (base 10) in base 15?
21
What is -1222 (base 3) in base 12?
-45
1010 (base 2) to base 5
20
-5 (base 14) to base 16
-5
-fd (base 16) to base 11
-210
41 (base 10) to base 3
1112
Convert -4a (base 11) to base 4.
-312
What is 10 (base 15) in base 4?
33
What is 3103 (base 4) in base 10?
211
Convert 6 (base 12) to base 11.
6
Convert -122 (base 5) to base 9.
-41
What is -1433 (base 6) in base 4?
-11331
-12 (base 16) to base 15
-13
What is -288 (base 9) in base 12?
-182
What is -10 (base 5) in base 13?
-5
What is -134 (base 8) in base 14?
-68
Convert -20 (base 13) to base 16.
-1a
2 (base 8) to base 14
2
-3 (base 16) to base 5
-3
-3 (base 9) to base 5
-3
Convert 0 (base 3) to base 6.
0
Convert -34 (base 11) to base 7.
-52
Convert 6 (base 14) to base 2.
110
Convert 1000 (base 2) to base 7.
11
4f (base 16) to base 10
79
-11 (base 3) to base 10
-4
Convert 1a (base 14) to base 16.
18
22 (base 13) to base 14
20
What is 0 (base 11) in base 4?
0
What is -10 (base 10) in base 14?
-a
Convert 4 (base 11) to base 16.
4
Convert 44 (base 12) to base 3.
1221
Convert -97 (base 12) to base 10.
-115
What is -5 (base 14) in base 2?
-101
-2 (base 8) to base 15
-2
What is 30 (base 11) in base 6?
53
Convert -1 (base 12) to base 16.
-1
26 (base 10) to base 9
28
What is 0 (base 15) in base 3?
0
-6 (base 14) to base 9
-6
What is -2 (base 4) in base 15?
-2
What is 1131 (base 4) in base 7?
162
What is 6 (base 16) in base 8?
6
Convert -10 (base 4) to base 14.
-4
110 (base 5) to base 3
1010
2 (base 10) to base 2
10
Convert -5 (base 8) to base 13.
-5
What is -22 (base 7) in base 6?
-24
61 (base 7) to base 10
43
3d (base 15) to base 9
64
What is 4 (base 5) in base 8?
4
-4 (base 9) to base 8
-4
What is -4c (base 14) in base 16?
-44
a (base 14) to base 2
1010
What is -173 (base 10) in base 4?
-2231
Convert 1 (base 13) to base 10.
1
Convert 6 (base 16) to base 15.
6
Convert 94 (base 13) to base 16.
79
26 (base 13) to base 8
40
What is -7 (base 15) in base 9?
-7
-32 (base 11) to base 2
-100011
What is -23 (base 5) in base 12?
-11
75 (base 10) to base 8
113
Convert 15 (base 9) to base 5.
24
Convert 5 (base 11) to base 9.
5
Convert 0 (base 9) to base 16.
0
Convert 25 (base 7) to base 12.
17
What is -15 (base 13) in base 16?
-12
What is 202 (base 4) in base 6?
54
Convert 1000 (base 3) to base 11.
25
Convert b5 (base 12) to base 6.
345
Convert 2 (base 10) to base 13.
2
20 (base 5) to base 11
a
What is -111101 (base 2) in base 10?
-61
What is 2212 (base 4) in base 12?
11a
Convert b (base 16) to base 5.
21
What is 1 (base 7) in base 10?
1
What is 1 (base 6) in base 13?
1
What is -320 (base 4) in base 9?
-62
4 (base 5) to base 7
4
What is -3b (base 12) in base 6?
-115
Convert -71 (base 8) to base 5.
-212
-13 (base 7) to base 16
-a
Convert 120 (base 3) to base 10.
15
Convert 1132 (base 5) to base 11.
142
Convert -34 (base 13) to base 6.
-111
6 (base 16) to base 2
110
-20 (base 5) to base 11
-a
305 (base 6) to base 4
1301
What is -10 (base 4) in base 6?
-4
6 (base 16) to base 9
6
-243 (base 5) to base 12
-61
Convert 2 (base 4) to base 3.
2
What is 0 (base 4) in base 9?
0
46 (base 8) to base 11
35
What is -320 (base 9) in base 15?
-126
What is 110111 (base 2) in base 4?
313
-220 (base 9) to base 4
-2310
Convert 1110 (base 2) to base 14.
10
What is -62 (base 9) in base 14?
-40
What is 0 (base 15) in base 7?
0
What is -6 (base 16) in base 5?
-11
What is -5 (base 11) in base 2?
-101
What is -12 (base 7) in base 14?
-9
Convert -127 (base 9) to base 14.
-78
What is -1 (base 6) in base 8?
-1
5 (base 8) to base 9
5
Convert 4 (base 7) to base 12.
4
Convert -26 (base 10) to base 11.
-24
What is -3 (base 12) in base 5?
-3
What is -c (base 15) in base 5?
-22
Convert 11 (base 3) to base 8.
4
Convert 22 (base 5) to base 11.
11
What is -1 (base 10) in base 6?
-1
-1010 (base 2) to base 15
-a
What is -40 (base 13) in base 15?
-37
-1000 (base 4) to base 12
-54
-3 (b